{"id":2580,"date":"2025-12-15T12:59:05","date_gmt":"2025-12-15T12:59:05","guid":{"rendered":"https:\/\/www.elleetstone.be\/?post_type=product&#038;p=2580"},"modified":"2025-12-15T13:12:20","modified_gmt":"2025-12-15T13:12:20","slug":"collier-zoelia-rubis-zoisite-vitalite-harmonie-du-coeur","status":"publish","type":"product","link":"https:\/\/www.elleetstone.be\/index.php\/produit\/collier-zoelia-rubis-zoisite-vitalite-harmonie-du-coeur\/","title":{"rendered":"Collier Zo\u00e9lia &#8211; Rubis Zoisite &#8211; Vitalit\u00e9 &#038; Harmonie du coeur"},"content":{"rendered":"<p data-start=\"771\" data-end=\"900\">Le ras-de-cou <strong data-start=\"785\" data-end=\"795\">Zo\u00e9lia<\/strong> associe <strong data-start=\"804\" data-end=\"821\">rubis zoisite<\/strong> et <strong data-start=\"825\" data-end=\"845\">aventurine verte<\/strong> pour un bijou \u00e0 la fois raffin\u00e9 et charg\u00e9 d\u2019\u00e9nergie.<\/p>\n<ul data-start=\"902\" data-end=\"1195\">\n<li data-start=\"902\" data-end=\"1016\">\n<p data-start=\"904\" data-end=\"1016\"><strong data-start=\"904\" data-end=\"921\">Rubis zoisite<\/strong> : pierre de vitalit\u00e9 et d\u2019\u00e9quilibre \u00e9motionnel, favorisant la confiance en soi et l\u2019ancrage.<\/p>\n<\/li>\n<li data-start=\"1017\" data-end=\"1195\">\n<p data-start=\"1019\" data-end=\"1195\"><strong data-start=\"1019\" data-end=\"1039\">Aventurine verte<\/strong> : pierre de croissance, chance et harmonie, ici sculpt\u00e9e en <strong data-start=\"1100\" data-end=\"1137\">cube rectangulaire long 25 x 5 mm<\/strong>, apportant un \u00e9l\u00e9ment graphique et symbolique au bijou.<\/p>\n<\/li>\n<\/ul>\n<p data-start=\"1197\" data-end=\"1455\">Mont\u00e9 sur un <strong data-start=\"1210\" data-end=\"1232\">ras-de-cou d\u00e9licat<\/strong>, ce bijou peut se porter <strong data-start=\"1258\" data-end=\"1299\">seul pour un style discret et \u00e9l\u00e9gant<\/strong> ou en accumulation pour un effet boh\u00e8me chic.<\/p>\n<p data-start=\"1197\" data-end=\"1455\">Chaque d\u00e9tail est pens\u00e9 pour cr\u00e9er un <strong data-start=\"1384\" data-end=\"1409\">talisman du quotidien<\/strong>, associant protection, \u00e9quilibre et vitalit\u00e9.<\/p>\n<p data-start=\"1198\" data-end=\"1298\"><strong><a href=\"https:\/\/www.elleetstone.be\/index.php\/conseils-et-entretiens\/\">Conseils et Entretiens<\/a><\/strong><\/p>\n","protected":false},"excerpt":{"rendered":"<ul>\n<li style=\"list-style-type: none;\">\n<ul>\n<li data-start=\"1487\" data-end=\"1525\">\n<p data-start=\"1489\" data-end=\"1525\">Ras-de-cou fin en pierres naturelles de Rubis Zoisite<\/p>\n<\/li>\n<li data-start=\"1578\" data-end=\"1648\">\n<p data-start=\"1580\" data-end=\"1648\"><strong data-start=\"1580\" data-end=\"1595\">Pendentif :<\/strong> Cube rectangulaire en aventurine verte (25 x 5 mm)<\/p>\n<\/li>\n<li data-start=\"1649\" data-end=\"1692\">\n<p data-start=\"1651\" data-end=\"1692\"><strong data-start=\"1651\" data-end=\"1665\">Longueur :<\/strong> Ajustable [ex. 37\u201342 cm]<\/p>\n<\/li>\n<li data-start=\"1693\" data-end=\"1743\">\n<p data-start=\"1695\" data-end=\"1743\"><strong data-start=\"1695\" data-end=\"1706\">Style :<\/strong> \u00c9l\u00e9gant, boh\u00e8me chic, talismanique<\/p>\n<\/li>\n<li data-start=\"1744\" data-end=\"1802\">\n<p data-start=\"1746\" data-end=\"1802\"><strong data-start=\"1746\" data-end=\"1762\">Assemblage :<\/strong> Fait main dans mon atelier \u00e0 Saive<\/p>\n<\/li>\n<li data-start=\"1744\" data-end=\"1802\"><em>\u00ab Je m\u2019ouvre \u00e0 la chance et \u00e0 la croissance tout en restant ancr\u00e9e et prot\u00e9g\u00e9e. \u00bb<\/em><\/li>\n<\/ul>\n<\/li>\n<\/ul>\n","protected":false},"featured_media":2532,"comment_status":"open","ping_status":"closed","template":"","meta":[],"product_brand":[],"product_cat":[26,31],"product_tag":[142,94,44,82,92,139,140,93],"class_list":{"0":"post-2580","1":"product","2":"type-product","3":"status-publish","4":"has-post-thumbnail","6":"product_cat-colliers","7":"product_cat-pierres","8":"product_tag-aventurine-verte","9":"product_tag-bijou-artisanal","10":"product_tag-boheme","11":"product_tag-energie-positive","12":"product_tag-pierres-naturelles","13":"product_tag-ras-de-cou","14":"product_tag-rubis-zoisite","15":"product_tag-talisman","17":"first","18":"instock","19":"taxable","20":"shipping-taxable","21":"purchasable","22":"product-type-simple"},"jetpack_sharing_enabled":true,"_links":{"self":[{"href":"https:\/\/www.elleetstone.be\/index.php\/wp-json\/wp\/v2\/product\/2580","targetHints":{"allow":["GET"]}}],"collection":[{"href":"https:\/\/www.elleetstone.be\/index.php\/wp-json\/wp\/v2\/product"}],"about":[{"href":"https:\/\/www.elleetstone.be\/index.php\/wp-json\/wp\/v2\/types\/product"}],"replies":[{"embeddable":true,"href":"https:\/\/www.elleetstone.be\/index.php\/wp-json\/wp\/v2\/comments?post=2580"}],"version-history":[{"count":2,"href":"https:\/\/www.elleetstone.be\/index.php\/wp-json\/wp\/v2\/product\/2580\/revisions"}],"predecessor-version":[{"id":2582,"href":"https:\/\/www.elleetstone.be\/index.php\/wp-json\/wp\/v2\/product\/2580\/revisions\/2582"}],"wp:featuredmedia":[{"embeddable":true,"href":"https:\/\/www.elleetstone.be\/index.php\/wp-json\/wp\/v2\/media\/2532"}],"wp:attachment":[{"href":"https:\/\/www.elleetstone.be\/index.php\/wp-json\/wp\/v2\/media?parent=2580"}],"wp:term":[{"taxonomy":"product_brand","embeddable":true,"href":"https:\/\/www.elleetstone.be\/index.php\/wp-json\/wp\/v2\/product_brand?post=2580"},{"taxonomy":"product_cat","embeddable":true,"href":"https:\/\/www.elleetstone.be\/index.php\/wp-json\/wp\/v2\/product_cat?post=2580"},{"taxonomy":"product_tag","embeddable":true,"href":"https:\/\/www.elleetstone.be\/index.php\/wp-json\/wp\/v2\/product_tag?post=2580"}],"curies":[{"name":"wp","href":"https:\/\/api.w.org\/{rel}","templated":true}]}}