{"id":2547,"date":"2025-12-09T11:45:00","date_gmt":"2025-12-09T11:45:00","guid":{"rendered":"https:\/\/www.elleetstone.be\/?post_type=product&#038;p=2547"},"modified":"2025-12-09T11:58:19","modified_gmt":"2025-12-09T11:58:19","slug":"collier-ruby-2-amour-force","status":"publish","type":"product","link":"https:\/\/www.elleetstone.be\/index.php\/produit\/collier-ruby-2-amour-force\/","title":{"rendered":"Collier Ruby 2 &#8211; Amour &#038; Force"},"content":{"rendered":"<p data-start=\"472\" data-end=\"536\">Ce collier associe deux pierres profond\u00e9ment compl\u00e9mentaires :<\/p>\n<ul data-start=\"538\" data-end=\"664\">\n<li data-start=\"538\" data-end=\"596\">\n<p data-start=\"540\" data-end=\"596\">le <strong data-start=\"543\" data-end=\"560\">rubis chauff\u00e9<\/strong>, pierre d\u2019\u00e9nergie et de vitalit\u00e9,<\/p>\n<\/li>\n<li data-start=\"597\" data-end=\"664\">\n<p data-start=\"599\" data-end=\"664\">le <strong data-start=\"602\" data-end=\"617\">quartz rose<\/strong>, pierre d\u2019amour, de douceur et d\u2019apaisement.<\/p>\n<\/li>\n<\/ul>\n<p data-start=\"666\" data-end=\"903\">Leur harmonie cr\u00e9e une pi\u00e8ce lumineuse, f\u00e9minine et hautement symbolique.<br data-start=\"739\" data-end=\"742\" \/>La <strong data-start=\"745\" data-end=\"770\">breloque arbre de vie<\/strong> ajoute une dimension spirituelle au bijou : elle repr\u00e9sente la croissance personnelle, les racines solides et l\u2019expansion de l\u2019\u00eatre.<\/p>\n<p data-start=\"905\" data-end=\"1091\">Port\u00e9 seul, il apporte <strong data-start=\"928\" data-end=\"974\">une touche de couleur \u00e9l\u00e9gante et raffin\u00e9e<\/strong>.<\/p>\n<p data-start=\"905\" data-end=\"1091\">Port\u00e9 en accumulation, il devient un <strong data-start=\"1013\" data-end=\"1045\">talisman \u00e9motionnel puissant<\/strong>, m\u00ealant amour, alignement et \u00e9nergie du c\u0153ur.<\/p>\n<p data-start=\"1198\" data-end=\"1298\"><strong><a href=\"https:\/\/www.elleetstone.be\/index.php\/conseils-et-entretiens\/\">Conseils et Entretiens<\/a><\/strong><\/p>\n","protected":false},"excerpt":{"rendered":"<ul>\n<li>Collier <strong data-start=\"300\" data-end=\"314\">court<\/strong> en <strong data-start=\"318\" data-end=\"354\">perles naturelles: Rubis chauff\u00e9 &amp; Quartz Rose<\/strong><\/li>\n<li>Accessoires et breloque en acier inoxydable dor\u00e9<\/li>\n<li>Taille de 47 \u00e0 52 cm (gr\u00e2ce \u00e0 sa chainette d&rsquo;extension)<\/li>\n<li><em>\u00ab\u00a0J\u2019ouvre mon c\u0153ur \u00e0 la douceur tout en avan\u00e7ant avec force et s\u00e9r\u00e9nit\u00e9.\u201d<\/em><\/li>\n<li>Fabriqu\u00e9 \u00e0 la main dans mon atelier li\u00e9geois<\/li>\n<\/ul>\n","protected":false},"featured_media":2544,"comment_status":"open","ping_status":"closed","template":"","meta":[],"product_brand":[],"product_cat":[26,31],"product_tag":[48,125,94,44,92,124,123,93,126],"class_list":{"0":"post-2547","1":"product","2":"type-product","3":"status-publish","4":"has-post-thumbnail","6":"product_cat-colliers","7":"product_cat-pierres","8":"product_tag-amour","9":"product_tag-arbre-de-vie","10":"product_tag-bijou-artisanal","11":"product_tag-boheme","12":"product_tag-pierres-naturelles","13":"product_tag-quartz-rose","14":"product_tag-rubis","15":"product_tag-talisman","16":"product_tag-vitalite","18":"first","19":"instock","20":"taxable","21":"shipping-taxable","22":"purchasable","23":"product-type-simple"},"jetpack_sharing_enabled":true,"_links":{"self":[{"href":"https:\/\/www.elleetstone.be\/index.php\/wp-json\/wp\/v2\/product\/2547","targetHints":{"allow":["GET"]}}],"collection":[{"href":"https:\/\/www.elleetstone.be\/index.php\/wp-json\/wp\/v2\/product"}],"about":[{"href":"https:\/\/www.elleetstone.be\/index.php\/wp-json\/wp\/v2\/types\/product"}],"replies":[{"embeddable":true,"href":"https:\/\/www.elleetstone.be\/index.php\/wp-json\/wp\/v2\/comments?post=2547"}],"version-history":[{"count":2,"href":"https:\/\/www.elleetstone.be\/index.php\/wp-json\/wp\/v2\/product\/2547\/revisions"}],"predecessor-version":[{"id":2549,"href":"https:\/\/www.elleetstone.be\/index.php\/wp-json\/wp\/v2\/product\/2547\/revisions\/2549"}],"wp:featuredmedia":[{"embeddable":true,"href":"https:\/\/www.elleetstone.be\/index.php\/wp-json\/wp\/v2\/media\/2544"}],"wp:attachment":[{"href":"https:\/\/www.elleetstone.be\/index.php\/wp-json\/wp\/v2\/media?parent=2547"}],"wp:term":[{"taxonomy":"product_brand","embeddable":true,"href":"https:\/\/www.elleetstone.be\/index.php\/wp-json\/wp\/v2\/product_brand?post=2547"},{"taxonomy":"product_cat","embeddable":true,"href":"https:\/\/www.elleetstone.be\/index.php\/wp-json\/wp\/v2\/product_cat?post=2547"},{"taxonomy":"product_tag","embeddable":true,"href":"https:\/\/www.elleetstone.be\/index.php\/wp-json\/wp\/v2\/product_tag?post=2547"}],"curies":[{"name":"wp","href":"https:\/\/api.w.org\/{rel}","templated":true}]}}