{"id":2283,"date":"2025-11-19T09:59:10","date_gmt":"2025-11-19T09:59:10","guid":{"rendered":"https:\/\/www.elleetstone.be\/?post_type=product&#038;p=2283"},"modified":"2025-11-19T10:10:12","modified_gmt":"2025-11-19T10:10:12","slug":"collier-solaris-2-oeil-de-tigre-protection-confiance","status":"publish","type":"product","link":"https:\/\/www.elleetstone.be\/index.php\/produit\/collier-solaris-2-oeil-de-tigre-protection-confiance\/","title":{"rendered":"Collier Solaris 2 &#8211; Oeil de Tigre &#8211; Protection &#8211; Confiance"},"content":{"rendered":"<p data-start=\"491\" data-end=\"796\">D\u00e9couvrez notre collier <strong data-start=\"515\" data-end=\"526\">Solaris<\/strong>, un ras-de-cou r\u00e9alis\u00e9 en <strong data-start=\"553\" data-end=\"590\">pierres naturelles d\u2019\u0153il de tigre<\/strong>, soigneusement s\u00e9lectionn\u00e9es pour leurs reflets dor\u00e9s et chatoyants.<\/p>\n<p data-start=\"491\" data-end=\"796\">Ce bijou est un v\u00e9ritable talisman solaire : l\u2019\u0153il de tigre prot\u00e8ge des \u00e9nergies n\u00e9gatives tout en renfor\u00e7ant la confiance int\u00e9rieure.<\/p>\n<p data-start=\"798\" data-end=\"1004\">Chaque perle est mont\u00e9e \u00e0 la main pour cr\u00e9er un collier harmonieux, lumineux et confortable \u00e0 porter. Parfait seul ou en superposition, il apporte une touche <strong data-start=\"956\" data-end=\"981\">boh\u00e8me et chaleureuse<\/strong> \u00e0 toutes vos tenues.<\/p>\n<p data-start=\"1006\" data-end=\"1038\">Ce collier artisanal apporte :<\/p>\n<ul data-start=\"1039\" data-end=\"1196\">\n<li data-start=\"1039\" data-end=\"1108\">\n<p data-start=\"1041\" data-end=\"1108\"><strong data-start=\"1041\" data-end=\"1106\">Protection \u00e9nerg\u00e9tique et bouclier contre le stress ext\u00e9rieur<\/strong><\/p>\n<\/li>\n<li data-start=\"1109\" data-end=\"1154\">\n<p data-start=\"1111\" data-end=\"1154\"><strong data-start=\"1111\" data-end=\"1152\">Confiance en soi et force personnelle<\/strong><\/p>\n<\/li>\n<li data-start=\"1155\" data-end=\"1196\">\n<p data-start=\"1157\" data-end=\"1196\"><strong data-start=\"1157\" data-end=\"1194\">Ancrage et stabilit\u00e9 \u00e9motionnelle<\/strong><\/p>\n<\/li>\n<\/ul>\n<p data-start=\"1198\" data-end=\"1298\">Une pi\u00e8ce \u00e9l\u00e9gante et mystique, id\u00e9ale pour rayonner chaque jour ou offrir un cadeau charg\u00e9 de sens.<\/p>\n<p data-start=\"1198\" data-end=\"1298\"><strong><a href=\"https:\/\/www.elleetstone.be\/index.php\/conseils-et-entretiens\/\">Conseils et Entretiens<\/a><\/strong><\/p>\n","protected":false},"excerpt":{"rendered":"<ul>\n<li>Collier <strong data-start=\"300\" data-end=\"314\">ras-de-cou<\/strong> en <strong data-start=\"318\" data-end=\"354\">perles naturelles d\u2019\u0153il de tigre 3 mm<\/strong><\/li>\n<li>Un talisman protecteur qui apporte <strong data-start=\"408\" data-end=\"439\">force, confiance et ancrage<\/strong> au quotidien.<\/li>\n<li>Fermoir et perles cube en acier inoxydable &#8211; m\u00e9daille 6 mm<\/li>\n<li>Taille de 38 \u00e0 43 cm\u00a0 (gr\u00e2ce \u00e0 sa chainette d&rsquo;extension)<\/li>\n<li>Fabriqu\u00e9 \u00e0 la main dans mon atelier li\u00e9geois<\/li>\n<\/ul>\n","protected":false},"featured_media":2284,"comment_status":"open","ping_status":"closed","template":"","meta":[],"product_brand":[],"product_cat":[26,31],"product_tag":[74,94,44,91,90,89,92,43,93],"class_list":{"0":"post-2283","1":"product","2":"type-product","3":"status-publish","4":"has-post-thumbnail","6":"product_cat-colliers","7":"product_cat-pierres","8":"product_tag-ancrage","9":"product_tag-bijou-artisanal","10":"product_tag-boheme","11":"product_tag-collier-ras-de-cou","12":"product_tag-confiance","13":"product_tag-oeil-de-tigre","14":"product_tag-pierres-naturelles","15":"product_tag-protection","16":"product_tag-talisman","18":"first","19":"instock","20":"taxable","21":"shipping-taxable","22":"purchasable","23":"product-type-simple"},"jetpack_sharing_enabled":true,"_links":{"self":[{"href":"https:\/\/www.elleetstone.be\/index.php\/wp-json\/wp\/v2\/product\/2283","targetHints":{"allow":["GET"]}}],"collection":[{"href":"https:\/\/www.elleetstone.be\/index.php\/wp-json\/wp\/v2\/product"}],"about":[{"href":"https:\/\/www.elleetstone.be\/index.php\/wp-json\/wp\/v2\/types\/product"}],"replies":[{"embeddable":true,"href":"https:\/\/www.elleetstone.be\/index.php\/wp-json\/wp\/v2\/comments?post=2283"}],"version-history":[{"count":2,"href":"https:\/\/www.elleetstone.be\/index.php\/wp-json\/wp\/v2\/product\/2283\/revisions"}],"predecessor-version":[{"id":2286,"href":"https:\/\/www.elleetstone.be\/index.php\/wp-json\/wp\/v2\/product\/2283\/revisions\/2286"}],"wp:featuredmedia":[{"embeddable":true,"href":"https:\/\/www.elleetstone.be\/index.php\/wp-json\/wp\/v2\/media\/2284"}],"wp:attachment":[{"href":"https:\/\/www.elleetstone.be\/index.php\/wp-json\/wp\/v2\/media?parent=2283"}],"wp:term":[{"taxonomy":"product_brand","embeddable":true,"href":"https:\/\/www.elleetstone.be\/index.php\/wp-json\/wp\/v2\/product_brand?post=2283"},{"taxonomy":"product_cat","embeddable":true,"href":"https:\/\/www.elleetstone.be\/index.php\/wp-json\/wp\/v2\/product_cat?post=2283"},{"taxonomy":"product_tag","embeddable":true,"href":"https:\/\/www.elleetstone.be\/index.php\/wp-json\/wp\/v2\/product_tag?post=2283"}],"curies":[{"name":"wp","href":"https:\/\/api.w.org\/{rel}","templated":true}]}}