{"id":2190,"date":"2025-11-17T15:10:31","date_gmt":"2025-11-17T15:10:31","guid":{"rendered":"https:\/\/www.elleetstone.be\/?post_type=product&#038;p=2190"},"modified":"2025-11-17T15:16:54","modified_gmt":"2025-11-17T15:16:54","slug":"bague-azura-apatite-bleue-ovale-32-mm","status":"publish","type":"product","link":"https:\/\/www.elleetstone.be\/index.php\/produit\/bague-azura-apatite-bleue-ovale-32-mm\/","title":{"rendered":"Bague Azura -Apatite Bleue &#8211; ovale 32 mm"},"content":{"rendered":"<p>D\u00e9couvrez notre bague en <strong data-start=\"475\" data-end=\"496\">argent massif 925<\/strong>, orn\u00e9e d\u2019une <strong data-start=\"510\" data-end=\"552\">pierre en Apatite Bleue <\/strong><strong data-start=\"559\" data-end=\"604\">sertie \u00e0 la main par des artisans indiens<\/strong> au savoir-faire ancestral.<br data-start=\"631\" data-end=\"634\" \/>Un bijou authentique, \u00e9l\u00e9gant et rempli d\u2019\u00e9nergie.<\/p>\n<p>Chaque pierre est unique, avec ses magnifiques reflets bleu profond, symbole de calme et de cr\u00e9ativit\u00e9.<\/p>\n<p>La taille <strong data-start=\"882\" data-end=\"894\">r\u00e9glable<\/strong> assure un confort optimal pour tous les doigts.<\/p>\n<p>Id\u00e9ale pour apporter <strong data-start=\"347\" data-end=\"395\">clart\u00e9 mentale, communication et inspiration<\/strong> au quotidien<\/p>\n<p>Une pi\u00e8ce \u00e9l\u00e9gante et mystique, parfaite pour illuminer vos journ\u00e9es ou offrir un cadeau charg\u00e9 de sens.<\/p>\n<p><strong><a href=\"https:\/\/www.elleetstone.be\/index.php\/conseils-et-entretiens\/\">Conseils et Entretiens<\/a>\u00a0<\/strong><\/p>\n","protected":false},"excerpt":{"rendered":"<ul>\n<li>Bague r\u00e9glable en <strong>argent 925 &#8211; <\/strong>format ovale<\/li>\n<li>Pierre naturelle Apatite Bleue &#8211; dimens. pierre : 32 x 20 mm (pi\u00e8ce unique)<\/li>\n<li>Origine: Inde<\/li>\n<li>Communication, Clart\u00e9 mentale, Inspiration<\/li>\n<\/ul>\n","protected":false},"featured_media":2191,"comment_status":"open","ping_status":"closed","template":"","meta":[],"product_brand":[],"product_cat":[29],"product_tag":[80,46,58,44,78,52,79],"class_list":{"0":"post-2190","1":"product","2":"type-product","3":"status-publish","4":"has-post-thumbnail","6":"product_cat-bagues","7":"product_tag-apatite-bleue","8":"product_tag-argent-925","9":"product_tag-bague","10":"product_tag-boheme","11":"product_tag-clarte-mentale","12":"product_tag-communication","13":"product_tag-inspiration","15":"first","16":"instock","17":"taxable","18":"shipping-taxable","19":"purchasable","20":"product-type-simple"},"jetpack_sharing_enabled":true,"_links":{"self":[{"href":"https:\/\/www.elleetstone.be\/index.php\/wp-json\/wp\/v2\/product\/2190","targetHints":{"allow":["GET"]}}],"collection":[{"href":"https:\/\/www.elleetstone.be\/index.php\/wp-json\/wp\/v2\/product"}],"about":[{"href":"https:\/\/www.elleetstone.be\/index.php\/wp-json\/wp\/v2\/types\/product"}],"replies":[{"embeddable":true,"href":"https:\/\/www.elleetstone.be\/index.php\/wp-json\/wp\/v2\/comments?post=2190"}],"version-history":[{"count":2,"href":"https:\/\/www.elleetstone.be\/index.php\/wp-json\/wp\/v2\/product\/2190\/revisions"}],"predecessor-version":[{"id":2195,"href":"https:\/\/www.elleetstone.be\/index.php\/wp-json\/wp\/v2\/product\/2190\/revisions\/2195"}],"wp:featuredmedia":[{"embeddable":true,"href":"https:\/\/www.elleetstone.be\/index.php\/wp-json\/wp\/v2\/media\/2191"}],"wp:attachment":[{"href":"https:\/\/www.elleetstone.be\/index.php\/wp-json\/wp\/v2\/media?parent=2190"}],"wp:term":[{"taxonomy":"product_brand","embeddable":true,"href":"https:\/\/www.elleetstone.be\/index.php\/wp-json\/wp\/v2\/product_brand?post=2190"},{"taxonomy":"product_cat","embeddable":true,"href":"https:\/\/www.elleetstone.be\/index.php\/wp-json\/wp\/v2\/product_cat?post=2190"},{"taxonomy":"product_tag","embeddable":true,"href":"https:\/\/www.elleetstone.be\/index.php\/wp-json\/wp\/v2\/product_tag?post=2190"}],"curies":[{"name":"wp","href":"https:\/\/api.w.org\/{rel}","templated":true}]}}