{"id":2109,"date":"2025-11-17T13:41:31","date_gmt":"2025-11-17T13:41:31","guid":{"rendered":"https:\/\/www.elleetstone.be\/?post_type=product&#038;p=2109"},"modified":"2025-11-17T16:26:00","modified_gmt":"2025-11-17T16:26:00","slug":"bague-luna-ovale-36-mm","status":"publish","type":"product","link":"https:\/\/www.elleetstone.be\/index.php\/produit\/bague-luna-ovale-36-mm\/","title":{"rendered":"Bague Luna &#8211; Pierre de Lune &#8211; Ovale 36 mm"},"content":{"rendered":"<p>D\u00e9couvrez notre bague en <strong data-start=\"475\" data-end=\"496\">argent massif 925<\/strong>, orn\u00e9e d\u2019une <strong data-start=\"510\" data-end=\"552\">pierre de lune<\/strong><strong data-start=\"559\" data-end=\"604\">\u00a0sertie \u00e0 la main par des artisans indiens<\/strong> au savoir-faire ancestral.<br data-start=\"631\" data-end=\"634\" \/>Un bijou authentique, \u00e9l\u00e9gant et rempli d\u2019\u00e9nergie.<\/p>\n<p>Pierre d&rsquo;\u00e9quilibre, la pierre de lune aux reflets bleut\u00e9s est une pierre qui vous accompagne lors des nouveaux d\u00e9parts dans votre vie.<\/p>\n<p>Tr\u00e8s li\u00e9e \u00e0 l&rsquo;\u00e9nergie f\u00e9minine et \u00e0 la lune, elle favorise l&rsquo;intuition, et diminue l&rsquo;instabilit\u00e9 \u00e9motionnelle d\u00fb \u00e0 l&rsquo;inconnu.<\/p>\n<p class=\"p1\">Id\u00e9al pour accompagner votre quotidien avec intention.<\/p>\n<p><strong><a href=\"https:\/\/www.elleetstone.be\/index.php\/conseils-et-entretiens\/\">Conseils et Entretiens<\/a>\u00a0<\/strong><\/p>\n","protected":false},"excerpt":{"rendered":"<ul>\n<li>Bague r\u00e9glable en <strong>argent 925 &#8211; <\/strong>format ovale<\/li>\n<li>Pierre naturelle <strong>Pierre de Lune <\/strong>reflets bleut\u00e9s\u00a0 &#8211; dimens. pierre : 36 x 16 mm (pi\u00e8ce unique)<\/li>\n<li>Origine: Sri Lanka<\/li>\n<li>Intuition &#8211; Nouveau D\u00e9part &#8211; Energie f\u00e9minine<\/li>\n<\/ul>\n","protected":false},"featured_media":2121,"comment_status":"open","ping_status":"closed","template":"","meta":[],"product_brand":[],"product_cat":[29],"product_tag":[46,58,44,72,70,71,69],"class_list":{"0":"post-2109","1":"product","2":"type-product","3":"status-publish","4":"has-post-thumbnail","6":"product_cat-bagues","7":"product_tag-argent-925","8":"product_tag-bague","9":"product_tag-boheme","10":"product_tag-energie-feminine","11":"product_tag-intuition","12":"product_tag-nouveau-depart","13":"product_tag-pierre-de-lune","15":"first","16":"instock","17":"taxable","18":"shipping-taxable","19":"purchasable","20":"product-type-simple"},"jetpack_sharing_enabled":true,"_links":{"self":[{"href":"https:\/\/www.elleetstone.be\/index.php\/wp-json\/wp\/v2\/product\/2109","targetHints":{"allow":["GET"]}}],"collection":[{"href":"https:\/\/www.elleetstone.be\/index.php\/wp-json\/wp\/v2\/product"}],"about":[{"href":"https:\/\/www.elleetstone.be\/index.php\/wp-json\/wp\/v2\/types\/product"}],"replies":[{"embeddable":true,"href":"https:\/\/www.elleetstone.be\/index.php\/wp-json\/wp\/v2\/comments?post=2109"}],"version-history":[{"count":3,"href":"https:\/\/www.elleetstone.be\/index.php\/wp-json\/wp\/v2\/product\/2109\/revisions"}],"predecessor-version":[{"id":2225,"href":"https:\/\/www.elleetstone.be\/index.php\/wp-json\/wp\/v2\/product\/2109\/revisions\/2225"}],"wp:featuredmedia":[{"embeddable":true,"href":"https:\/\/www.elleetstone.be\/index.php\/wp-json\/wp\/v2\/media\/2121"}],"wp:attachment":[{"href":"https:\/\/www.elleetstone.be\/index.php\/wp-json\/wp\/v2\/media?parent=2109"}],"wp:term":[{"taxonomy":"product_brand","embeddable":true,"href":"https:\/\/www.elleetstone.be\/index.php\/wp-json\/wp\/v2\/product_brand?post=2109"},{"taxonomy":"product_cat","embeddable":true,"href":"https:\/\/www.elleetstone.be\/index.php\/wp-json\/wp\/v2\/product_cat?post=2109"},{"taxonomy":"product_tag","embeddable":true,"href":"https:\/\/www.elleetstone.be\/index.php\/wp-json\/wp\/v2\/product_tag?post=2109"}],"curies":[{"name":"wp","href":"https:\/\/api.w.org\/{rel}","templated":true}]}}