{"id":1949,"date":"2025-11-17T10:47:43","date_gmt":"2025-11-17T10:47:43","guid":{"rendered":"https:\/\/www.elleetstone.be\/?post_type=product&#038;p=1949"},"modified":"2025-11-17T17:10:47","modified_gmt":"2025-11-17T17:10:47","slug":"bague-kyra-copie","status":"publish","type":"product","link":"https:\/\/www.elleetstone.be\/index.php\/produit\/bague-kyra-copie\/","title":{"rendered":"Bague Kyra &#8211; rectangulaire 22 mm"},"content":{"rendered":"<p class=\"p1\">D\u00e9couvrez notre bague en <b>argent massif 925<\/b>, orn\u00e9e d\u2019une <b>pierre de Chrysocolle &amp; Malachite<\/b>\u00a0<b>sertie \u00e0 la main par des artisans indiens<\/b> au savoir-faire ancestral.<br \/>\nUn bijou authentique, \u00e9l\u00e9gant et rempli d\u2019\u00e9nergie.<\/p>\n<p class=\"p1\">L&rsquo;association\u00a0<b>Malachite<\/b>\u00a0et\u00a0<b>Chrysocolle<\/b>\u00a0symbolise l&rsquo;unit\u00e9 et la paix. Elle r\u00e9tablit en douceur le d\u00e9s\u00e9quilibre \u00e9nerg\u00e9tique d&rsquo;une zone du corps donn\u00e9e.<\/p>\n<p class=\"p1\">Le\u00a0<b>Chrysocolle<\/b>\u00a0est associ\u00e9 \u00e0 3 chakras : coeur, gorge et 3e oeil.<\/p>\n<ul class=\"ul1\">\n<li class=\"li1\">Au chakra du coeur, il apaise la tristesse et accro\u00eet la capacit\u00e9 d&rsquo;aimer.<\/li>\n<li class=\"li1\">Au chakra de la gorge, il am\u00e9liore la communication verbale et favorise le discernement<\/li>\n<li class=\"li1\">Au chakra du 3e oeil, il d\u00e9veloppe la vision et la clairvoyance.<\/li>\n<\/ul>\n<p class=\"p1\">\u00c9motionnellement, le\u00a0<b>Chrysocolle<\/b>\u00a0apaise la culpabilit\u00e9 et apporte la joie.<\/p>\n<p class=\"p1\">La\u00a0<b>Malachite<\/b>\u00a0est une pierre une gu\u00e9rison sur tous les plans et soulage les tensions musculaires, \u00e9limine la pollution et incite \u00e0 se transformer, \u00e0 prendre des risque et \u00e0 changer pour aller mieux.<\/p>\n<p>Id\u00e9al pour accompagner votre quotidien avec intention.<\/p>\n<p><strong><a href=\"https:\/\/www.elleetstone.be\/index.php\/conseils-et-entretiens\/\">Conseils et Entretiens<\/a>\u00a0<\/strong><\/p>\n","protected":false},"excerpt":{"rendered":"<ul>\n<li>Bague r\u00e9glable en <strong>argent 925 &#8211; <\/strong>format rectangle<\/li>\n<li>Pierre naturelle <strong>Chrysocolle &amp; Malachite<\/strong>\u00a0 &#8211; dimens. pierre : 22 x 12 mm (pi\u00e8ce unique)<\/li>\n<li class=\"li1\">Origine : Congo<\/li>\n<li class=\"li1\">Clairvoyance &#8211; Joie &#8211; Communication<\/li>\n<\/ul>\n","protected":false},"featured_media":2240,"comment_status":"open","ping_status":"closed","template":"","meta":[],"product_brand":[],"product_cat":[29],"product_tag":[46,55,51,52,54,53],"class_list":{"0":"post-1949","1":"product","2":"type-product","3":"status-publish","4":"has-post-thumbnail","6":"product_cat-bagues","7":"product_tag-argent-925","8":"product_tag-calme","9":"product_tag-chrysocolle","10":"product_tag-communication","11":"product_tag-lacher-prise","12":"product_tag-liberation","14":"first","15":"instock","16":"taxable","17":"shipping-taxable","18":"purchasable","19":"product-type-simple"},"jetpack_sharing_enabled":true,"_links":{"self":[{"href":"https:\/\/www.elleetstone.be\/index.php\/wp-json\/wp\/v2\/product\/1949","targetHints":{"allow":["GET"]}}],"collection":[{"href":"https:\/\/www.elleetstone.be\/index.php\/wp-json\/wp\/v2\/product"}],"about":[{"href":"https:\/\/www.elleetstone.be\/index.php\/wp-json\/wp\/v2\/types\/product"}],"replies":[{"embeddable":true,"href":"https:\/\/www.elleetstone.be\/index.php\/wp-json\/wp\/v2\/comments?post=1949"}],"version-history":[{"count":7,"href":"https:\/\/www.elleetstone.be\/index.php\/wp-json\/wp\/v2\/product\/1949\/revisions"}],"predecessor-version":[{"id":2241,"href":"https:\/\/www.elleetstone.be\/index.php\/wp-json\/wp\/v2\/product\/1949\/revisions\/2241"}],"wp:featuredmedia":[{"embeddable":true,"href":"https:\/\/www.elleetstone.be\/index.php\/wp-json\/wp\/v2\/media\/2240"}],"wp:attachment":[{"href":"https:\/\/www.elleetstone.be\/index.php\/wp-json\/wp\/v2\/media?parent=1949"}],"wp:term":[{"taxonomy":"product_brand","embeddable":true,"href":"https:\/\/www.elleetstone.be\/index.php\/wp-json\/wp\/v2\/product_brand?post=1949"},{"taxonomy":"product_cat","embeddable":true,"href":"https:\/\/www.elleetstone.be\/index.php\/wp-json\/wp\/v2\/product_cat?post=1949"},{"taxonomy":"product_tag","embeddable":true,"href":"https:\/\/www.elleetstone.be\/index.php\/wp-json\/wp\/v2\/product_tag?post=1949"}],"curies":[{"name":"wp","href":"https:\/\/api.w.org\/{rel}","templated":true}]}}